{"id":231,"date":"2026-01-24T09:52:31","date_gmt":"2026-01-24T09:52:31","guid":{"rendered":"https:\/\/alilds.ovh\/?page_id=231"},"modified":"2026-02-09T08:39:16","modified_gmt":"2026-02-09T08:39:16","slug":"231-2","status":"publish","type":"page","link":"https:\/\/alilds.ovh\/index.php\/231-2\/","title":{"rendered":"D\u00e9couvrez mon travail en graphisme"},"content":{"rendered":"\n<hr class=\"wp-block-separator has-alpha-channel-opacity is-style-wide\"\/>\n\n\n\n<div class=\"wp-block-columns is-layout-flex wp-container-core-columns-is-layout-28f84493 wp-block-columns-is-layout-flex\">\n<div class=\"wp-block-column is-layout-flow wp-block-column-is-layout-flow\" style=\"flex-basis:66.66%\">\n<figure class=\"wp-block-image size-large\"><img loading=\"lazy\" decoding=\"async\" width=\"724\" height=\"1024\" src=\"https:\/\/alilds.ovh\/wp-content\/uploads\/2026\/01\/Plan-de-travail-7-1-724x1024.png\" alt=\"\" class=\"wp-image-255\" srcset=\"https:\/\/alilds.ovh\/wp-content\/uploads\/2026\/01\/Plan-de-travail-7-1-724x1024.png 724w, https:\/\/alilds.ovh\/wp-content\/uploads\/2026\/01\/Plan-de-travail-7-1-212x300.png 212w, https:\/\/alilds.ovh\/wp-content\/uploads\/2026\/01\/Plan-de-travail-7-1-768x1086.png 768w, https:\/\/alilds.ovh\/wp-content\/uploads\/2026\/01\/Plan-de-travail-7-1-1086x1536.png 1086w, https:\/\/alilds.ovh\/wp-content\/uploads\/2026\/01\/Plan-de-travail-7-1-1448x2048.png 1448w, https:\/\/alilds.ovh\/wp-content\/uploads\/2026\/01\/Plan-de-travail-7-1-scaled.png 1810w\" sizes=\"auto, (max-width: 724px) 100vw, 724px\" \/><\/figure>\n<\/div>\n\n\n\n<div class=\"wp-block-column is-layout-flow wp-block-column-is-layout-flow\" style=\"flex-basis:33.33%\">\n<h2 class=\"wp-block-heading has-text-align-center has-superbfont-medium-font-size\">Identit\u00e9 visuelle &amp; cr\u00e9ation de support de communication<\/h2>\n\n\n\n<p class=\"has-text-align-center\">Dans le cadre d&rsquo;un projet acad\u00e9mique, j&rsquo;ai d\u00fb travaill\u00e9 sur une demande fictive de cr\u00e9ation de logo &#8211; et par cons\u00e9quent de repenser l&rsquo;identit\u00e9 visuelle.<\/p>\n\n\n\n<p class=\"has-text-align-center\">Afin de se projeter sur cette nouvelle identit\u00e9 visuelle, j&rsquo;ai travaill\u00e9 sur un menu type qu&rsquo;il pourrait utiliser par la suite. Ce support de communication est un bon indicateur pour se rendre compte comment leur nouveau logo peut \u00eatre utilis\u00e9.<\/p>\n<\/div>\n<\/div>\n\n\n\n<hr class=\"wp-block-separator has-alpha-channel-opacity is-style-wide\"\/>\n\n\n\n<div class=\"wp-block-columns is-layout-flex wp-container-core-columns-is-layout-28f84493 wp-block-columns-is-layout-flex\">\n<div class=\"wp-block-column is-layout-flow wp-block-column-is-layout-flow\" style=\"flex-basis:66.66%\">\n<figure class=\"wp-block-image aligncenter size-full\"><img loading=\"lazy\" decoding=\"async\" width=\"595\" height=\"842\" src=\"https:\/\/alilds.ovh\/wp-content\/uploads\/2026\/01\/Sans-titre-1-1.png\" alt=\"\" class=\"wp-image-267\" srcset=\"https:\/\/alilds.ovh\/wp-content\/uploads\/2026\/01\/Sans-titre-1-1.png 595w, https:\/\/alilds.ovh\/wp-content\/uploads\/2026\/01\/Sans-titre-1-1-212x300.png 212w\" sizes=\"auto, (max-width: 595px) 100vw, 595px\" \/><\/figure>\n<\/div>\n\n\n\n<div class=\"wp-block-column is-layout-flow wp-block-column-is-layout-flow\" style=\"flex-basis:33.33%\">\n<h2 class=\"wp-block-heading has-text-align-center has-superbfont-medium-font-size\">R\u00e9alisation d&rsquo;une affiche pour un \u00e9v\u00e9nement<\/h2>\n\n\n\n<p class=\"has-text-align-center\">Dans le cadre d&rsquo;un projet acad\u00e9mique, j&rsquo;ai travaill\u00e9 sur la r\u00e9alisation d&rsquo;une affiche pour un \u00e9v\u00e9nement (fictif) : la f\u00eate des fleurs se d\u00e9roulant les 13 &amp; 14 juin.<\/p>\n\n\n\n<p class=\"has-text-align-center\">Pour ce travail, j&rsquo;ai opt\u00e9 pour des illustrations personnelles r\u00e9alis\u00e9es num\u00e9riquement.<\/p>\n<\/div>\n<\/div>\n\n\n\n<hr class=\"wp-block-separator alignwide has-alpha-channel-opacity is-style-wide\"\/>\n\n\n\n<div class=\"wp-block-columns is-layout-flex wp-container-core-columns-is-layout-28f84493 wp-block-columns-is-layout-flex\">\n<div class=\"wp-block-column is-layout-flow wp-block-column-is-layout-flow\" style=\"flex-basis:66.66%\">\n<figure class=\"wp-block-image size-large\"><img loading=\"lazy\" decoding=\"async\" width=\"724\" height=\"1024\" src=\"https:\/\/alilds.ovh\/wp-content\/uploads\/2026\/01\/pere-noel-724x1024.png\" alt=\"\" class=\"wp-image-270\" srcset=\"https:\/\/alilds.ovh\/wp-content\/uploads\/2026\/01\/pere-noel-724x1024.png 724w, https:\/\/alilds.ovh\/wp-content\/uploads\/2026\/01\/pere-noel-212x300.png 212w, https:\/\/alilds.ovh\/wp-content\/uploads\/2026\/01\/pere-noel-768x1086.png 768w, https:\/\/alilds.ovh\/wp-content\/uploads\/2026\/01\/pere-noel-1086x1536.png 1086w, https:\/\/alilds.ovh\/wp-content\/uploads\/2026\/01\/pere-noel-1448x2048.png 1448w, https:\/\/alilds.ovh\/wp-content\/uploads\/2026\/01\/pere-noel-scaled.png 1810w\" sizes=\"auto, (max-width: 724px) 100vw, 724px\" \/><\/figure>\n<\/div>\n\n\n\n<div class=\"wp-block-column is-layout-flow wp-block-column-is-layout-flow\" style=\"flex-basis:33.33%\">\n<h2 class=\"wp-block-heading has-text-align-center has-superbfont-medium-font-size\">R\u00e9alisation de la carte de visite du P\u00e8re No\u00ebl<\/h2>\n\n\n\n<p class=\"has-text-align-center\">Ce projet vient d&rsquo;un d\u00e9fi r\u00e9alis\u00e9 entre plusieurs graphistes en avenir. <\/p>\n\n\n\n<p class=\"has-text-align-center\">J&rsquo;ai proc\u00e9d\u00e9 \u00e0 la cr\u00e9ation d&rsquo;un logo et d&rsquo;une carte de visite pour le fameux P\u00e8re No\u00ebl.<\/p>\n\n\n\n<p class=\"has-text-align-center\">On casse les codes en utilisant des couleurs plus sobres que celles li\u00e9es pour l&rsquo;\u00e9v\u00e9nement.<\/p>\n<\/div>\n<\/div>\n\n\n\n<hr class=\"wp-block-separator has-alpha-channel-opacity is-style-wide\"\/>\n\n\n\n<div class=\"wp-block-columns is-layout-flex wp-container-core-columns-is-layout-28f84493 wp-block-columns-is-layout-flex\">\n<div class=\"wp-block-column is-layout-flow wp-block-column-is-layout-flow\" style=\"flex-basis:66.66%\">\n<figure class=\"wp-block-image size-large\"><img loading=\"lazy\" decoding=\"async\" width=\"724\" height=\"1024\" src=\"https:\/\/alilds.ovh\/wp-content\/uploads\/2026\/01\/Latelier-dune-main-724x1024.png\" alt=\"\" class=\"wp-image-274\" srcset=\"https:\/\/alilds.ovh\/wp-content\/uploads\/2026\/01\/Latelier-dune-main-724x1024.png 724w, https:\/\/alilds.ovh\/wp-content\/uploads\/2026\/01\/Latelier-dune-main-212x300.png 212w, https:\/\/alilds.ovh\/wp-content\/uploads\/2026\/01\/Latelier-dune-main-768x1086.png 768w, https:\/\/alilds.ovh\/wp-content\/uploads\/2026\/01\/Latelier-dune-main-1086x1536.png 1086w, https:\/\/alilds.ovh\/wp-content\/uploads\/2026\/01\/Latelier-dune-main-1448x2048.png 1448w, https:\/\/alilds.ovh\/wp-content\/uploads\/2026\/01\/Latelier-dune-main-scaled.png 1810w\" sizes=\"auto, (max-width: 724px) 100vw, 724px\" \/><\/figure>\n<\/div>\n\n\n\n<div class=\"wp-block-column is-layout-flow wp-block-column-is-layout-flow\" style=\"flex-basis:33.33%\">\n<h2 class=\"wp-block-heading has-text-align-center has-superbfont-medium-font-size\">R\u00e9alisation de supports de communication<\/h2>\n\n\n\n<p class=\"has-text-align-center\">L&rsquo;atelier d&rsquo;une main a fait appel \u00e0 moi pour r\u00e9aliser une coh\u00e9rence entre ses supports de communication. <\/p>\n\n\n\n<p class=\"has-text-align-center\">En partant de sa charte graphique d\u00e9j\u00e0 existante, j&rsquo;ai pu r\u00e9aliser ces supports. <\/p>\n\n\n\n<p class=\"has-text-align-center\">L&rsquo;avantage, c&rsquo;est qu&rsquo;ensuite elle a pu garder la main sur ses documents pour pouvoir les modifier selon ses besoins.<\/p>\n<\/div>\n<\/div>\n\n\n\n<hr class=\"wp-block-separator has-alpha-channel-opacity is-style-wide\"\/>\n\n\n\n<figure class=\"wp-block-image size-large\"><img loading=\"lazy\" decoding=\"async\" width=\"724\" height=\"1024\" src=\"https:\/\/alilds.ovh\/wp-content\/uploads\/2026\/01\/Plan-de-travail-1-9-724x1024.png\" alt=\"\" class=\"wp-image-286\" srcset=\"https:\/\/alilds.ovh\/wp-content\/uploads\/2026\/01\/Plan-de-travail-1-9-724x1024.png 724w, https:\/\/alilds.ovh\/wp-content\/uploads\/2026\/01\/Plan-de-travail-1-9-212x300.png 212w, https:\/\/alilds.ovh\/wp-content\/uploads\/2026\/01\/Plan-de-travail-1-9-768x1086.png 768w, https:\/\/alilds.ovh\/wp-content\/uploads\/2026\/01\/Plan-de-travail-1-9-1086x1536.png 1086w, https:\/\/alilds.ovh\/wp-content\/uploads\/2026\/01\/Plan-de-travail-1-9-1448x2048.png 1448w, https:\/\/alilds.ovh\/wp-content\/uploads\/2026\/01\/Plan-de-travail-1-9-scaled.png 1810w\" sizes=\"auto, (max-width: 724px) 100vw, 724px\" \/><\/figure>\n\n\n\n<div class=\"wp-block-columns is-layout-flex wp-container-core-columns-is-layout-28f84493 wp-block-columns-is-layout-flex\">\n<div class=\"wp-block-column is-layout-flow wp-block-column-is-layout-flow\" style=\"flex-basis:66.66%\">\n<figure class=\"wp-block-image size-large\"><img loading=\"lazy\" decoding=\"async\" width=\"724\" height=\"1024\" src=\"http:\/\/alilds.ovh\/wp-content\/uploads\/2026\/01\/Plan-de-travail-2-724x1024.png\" alt=\"\" class=\"wp-image-287\" srcset=\"https:\/\/alilds.ovh\/wp-content\/uploads\/2026\/01\/Plan-de-travail-2-724x1024.png 724w, https:\/\/alilds.ovh\/wp-content\/uploads\/2026\/01\/Plan-de-travail-2-212x300.png 212w, https:\/\/alilds.ovh\/wp-content\/uploads\/2026\/01\/Plan-de-travail-2-768x1086.png 768w, https:\/\/alilds.ovh\/wp-content\/uploads\/2026\/01\/Plan-de-travail-2-1086x1536.png 1086w, https:\/\/alilds.ovh\/wp-content\/uploads\/2026\/01\/Plan-de-travail-2-1448x2048.png 1448w, https:\/\/alilds.ovh\/wp-content\/uploads\/2026\/01\/Plan-de-travail-2-scaled.png 1810w\" sizes=\"auto, (max-width: 724px) 100vw, 724px\" \/><\/figure>\n<\/div>\n\n\n\n<div class=\"wp-block-column is-layout-flow wp-block-column-is-layout-flow\" style=\"flex-basis:33.33%\">\n<h2 class=\"wp-block-heading has-text-align-center has-superbfont-medium-font-size\">Travail graphique pour un mus\u00e9e de la magie<\/h2>\n\n\n\n<p class=\"has-text-align-center\">Il s&rsquo;agit une fois encore d&rsquo;un projet acad\u00e9mique r\u00e9alis\u00e9 dans le cadre de ma reconversion. <\/p>\n\n\n\n<p class=\"has-text-align-center\">Pour se projeter davantage, j&rsquo;ai utilis\u00e9 l&rsquo;IA pour mettre en situation mes travaux.<\/p>\n<\/div>\n<\/div>\n\n\n\n<hr class=\"wp-block-separator has-alpha-channel-opacity is-style-wide\"\/>\n","protected":false},"excerpt":{"rendered":"<p>Identit\u00e9 visuelle &amp; cr\u00e9ation de support de communication Dans le cadre d&rsquo;un projet acad\u00e9mique, j&rsquo;ai d\u00fb travaill\u00e9 sur une demande fictive de cr\u00e9ation de logo &#8211; et par cons\u00e9quent de repenser l&rsquo;identit\u00e9 visuelle. Afin de se projeter sur cette nouvelle identit\u00e9 visuelle, j&rsquo;ai travaill\u00e9 sur un menu type qu&rsquo;il pourrait utiliser par la suite. Ce [&hellip;]<\/p>\n","protected":false},"author":1,"featured_media":260,"parent":0,"menu_order":0,"comment_status":"closed","ping_status":"closed","template":"","meta":{"footnotes":""},"class_list":["post-231","page","type-page","status-publish","has-post-thumbnail","hentry"],"_links":{"self":[{"href":"https:\/\/alilds.ovh\/index.php\/wp-json\/wp\/v2\/pages\/231","targetHints":{"allow":["GET"]}}],"collection":[{"href":"https:\/\/alilds.ovh\/index.php\/wp-json\/wp\/v2\/pages"}],"about":[{"href":"https:\/\/alilds.ovh\/index.php\/wp-json\/wp\/v2\/types\/page"}],"author":[{"embeddable":true,"href":"https:\/\/alilds.ovh\/index.php\/wp-json\/wp\/v2\/users\/1"}],"replies":[{"embeddable":true,"href":"https:\/\/alilds.ovh\/index.php\/wp-json\/wp\/v2\/comments?post=231"}],"version-history":[{"count":14,"href":"https:\/\/alilds.ovh\/index.php\/wp-json\/wp\/v2\/pages\/231\/revisions"}],"predecessor-version":[{"id":294,"href":"https:\/\/alilds.ovh\/index.php\/wp-json\/wp\/v2\/pages\/231\/revisions\/294"}],"wp:featuredmedia":[{"embeddable":true,"href":"https:\/\/alilds.ovh\/index.php\/wp-json\/wp\/v2\/media\/260"}],"wp:attachment":[{"href":"https:\/\/alilds.ovh\/index.php\/wp-json\/wp\/v2\/media?parent=231"}],"curies":[{"name":"wp","href":"https:\/\/api.w.org\/{rel}","templated":true}]}}